.
27
Calculate the highest common divisor of 97635 and 138.
69
Calculate the greatest common divisor of 303 and 25197480.
303
Calculate the highest common factor of 242 and 438.
2
What is the greatest common divisor of 22618 and 1204?
86
Calculate the greatest common factor of 99704 and 1144.
88
What is the highest common factor of 1156 and 1088?
68
Calculate the highest common factor of 206 and 597091.
103
Calculate the greatest common factor of 374 and 75157.
17
Calculate the greatest common factor of 736 and 10396.
92
Calculate the highest common factor of 51766 and 572.
286
What is the highest common factor of 386819 and 895?
179
Calculate the greatest common divisor of 3332 and 49096.
68
Calculate the greatest common factor of 4510 and 6490.
110
What is the highest common divisor of 896 and 103236?
28
Calculate the greatest common divisor of 36026 and 1.
1
Calculate the greatest common divisor of 247058 and 588.
98
Calculate the highest common factor of 2047958 and 22.
22
What is the greatest common divisor of 443468 and 116?
116
Calculate the highest common factor of 425859 and 147.
147
Calculate the highest common factor of 3137428 and 2136.
356
What is the greatest common factor of 30 and 27620?
10
What is the greatest common divisor of 4 and 73244?
4
Calculate the highest common factor of 218 and 5721410.
218
Calculate the greatest common divisor of 1 and 2657.
1
Calculate the highest common factor of 248 and 260152.
248
What is the greatest common factor of 121471 and 74?
37
What is the highest common factor of 50375 and 375?
125
Calculate the highest common factor of 66 and 751839.
33
Calculate the highest common factor of 6321 and 364.
7
What is the highest common factor of 413 and 260603?
413
Calculate the greatest common divisor of 184 and 1909.
23
What is the greatest common divisor of 515 and 12875?
515
What is the highest common factor of 2133 and 3002?
79
Calculate the greatest common divisor of 76285 and 1463.
209
What is the greatest common divisor of 27 and 15921?
9
Calculate the highest common divisor of 3426760 and 80.
40
What is the highest common divisor of 28710 and 4640?
290
Calculate the greatest common divisor of 437140 and 440.
220
Calculate the greatest common factor of 25958 and 116.
2
What is the greatest common divisor of 45 and 7911?
9
What is the greatest common factor of 415 and 232649?
83
What is the greatest common factor of 122184 and 48?
24
What is the highest common divisor of 10339032 and 48?
24
Calculate the greatest common divisor of 2 and 2413.
1
What is the highest common divisor of 5347220 and 1640?
820
Calculate the greatest common factor of 317876 and 1664.
52
What is the greatest common factor of 620 and 197720?
20
What is the highest common divisor of 31845 and 495?
165
Calculate the greatest common factor of 36 and 140004.
36
Calculate the greatest common divisor of 40678 and 172.
86
What is the highest common factor of 308 and 26334?
154
Calculate the greatest common divisor of 485 and 776.
97
What is the greatest common factor of 336 and 91644?
84
What is the greatest common factor of 558 and 954?
18
What is the greatest common divisor of 598175 and 2696?
337
Calculate the greatest common factor of 5962 and 374.
22
What is the highest common divisor of 103244 and 212?
212
Calculate the greatest common divisor of 648 and 14232.
24
What is the greatest common factor of 10669 and 5123?
47
What is the greatest common divisor of 2815155 and 729?
243
What is the highest common factor of 492828 and 84?
84
Calculate the highest common divisor of 40579 and 11.
11
Calculate the highest common factor of 35623 and 49.
49
Calculate the greatest common factor of 152 and 12046.
38
Calculate the greatest common divisor of 55104 and 69216.
672
Calculate the greatest common divisor of 319 and 232.
29
Calculate the greatest common factor of 58801 and 9271.
127
Calculate the highest common factor of 814 and 10142.
22
Calculate the highest common factor of 200 and 53312.
8
Calculate the greatest common divisor of 20 and 410860.
20
Calculate the greatest common divisor of 207554 and 10833.
157
What is the greatest common divisor of 361 and 11153?
19
What is the greatest common factor of 1816040 and 11620?
1660
Calculate the highest common factor of 14442 and 2958.
174
What is the greatest common divisor of 1580 and 474395?
395
Calculate the greatest common divisor of 177335 and 580.
145
Calculate the highest common divisor of 16072 and 2156.
196
What is the greatest common factor of 1167 and 51?
3
What is the greatest common factor of 504 and 1427916?
84
What is the greatest common divisor of 42 and 576051?
21
What is the greatest common factor of 65026 and 13?
13
What is the highest common divisor of 2760808 and 2598?
866
Calculate the greatest common divisor of 135429 and 42.
21
Calculate the greatest common divisor of 576 and 2654976.
192
What is the highest common factor of 51968 and 28826?
406
What is the greatest common divisor of 266292 and 45?
9
Calculate the highest common divisor of 21 and 236817.
21
What is the greatest common factor of 1616 and 41612?
404
What is the highest common divisor of 26 and 1607294?
26
What is the highest common factor of 22319 and 9?
1
What is the greatest common factor of 25 and 427710?
5
Calculate the greatest common divisor of 700 and 1719340.
140
What is the greatest common divisor of 94 and 2211303?
47
What is the greatest common factor of 12567 and 61773?
177
Calculate the greatest common divisor of 66 and 286440.
66
What is the greatest common divisor of 295326 and 594?
54
What is the greatest common factor of 3799 and 29?
29
Calculate the greatest common factor of 21 and 751884.
21
What is the highest common divisor of 6246528 and 384?
384
What is the highest common divisor of 92148 and 492?
12
Calculate the highest common divisor of 15125 and 125.
125
What is the highest common factor of 121836 and 1056?
132
What is the highest common factor of 1344 and 16548?
84
Calculate the highest common factor of 104594 and 7.
7
Calculate the greatest common factor of 210 and 158088.
42
What is the greatest common factor of 6050 and 75?
25
Calculate the greatest common divisor of 7918835 and 5.
5
What is the highest common factor of 472442 and 106?
106
Calculate the greatest common divisor of 717444 and 936.
468
Calculate the greatest common factor of 14934 and 24.
6
Calculate the greatest common divisor of 630811 and 3177.
353
What is the highest common factor of 120 and 909630?
30
What is the highest common divisor of 774310 and 10?
10
Calculate the highest common factor of 104 and 365048.
8
Calculate the greatest common factor of 81360 and 16.
16
Calculate the greatest common divisor of 60 and 954432.
12
What is the greatest common divisor of 52487 and 73?
73
Calculate the greatest common divisor of 11143 and 1091001.
1013
Calculate the highest common factor of 100 and 1350.
50
What is the highest common divisor of 34320 and 495?
165
Calculate the greatest common factor of 194916 and 222.
222
What is the highest common factor of 168 and 210588?
84
Calculate the greatest common factor of 7599 and 1192.
149
What is the greatest common divisor of 23672 and 396?
44
What is the highest common divisor of 78852 and 48?
12
What is the greatest common factor of 239 and 136469?
239
What is the greatest common divisor of 1106088 and 12?
12
What is the greatest common factor of 12330 and 490?
10
What is the highest common factor of 444 and 574344?
12
Calculate the greatest common divisor of 6158768 and 1232.
1232
Calculate the greatest common divisor of 280 and 135016.
56
What is the greatest common divisor of 1820 and 14840?
140
What is the greatest common factor of 161557 and 209?
209
What is the highest common factor of 10 and 1790?
10
What is the greatest common factor of 966 and 2098474?
322
What is the greatest common factor of 1660 and 67645?
415
Calculate the highest common divisor of 30 and 8390.
10
What is the greatest common divisor of 21195 and 63?
9
What is the highest common factor of 9831 and 36627?
87
Calculate the highest common factor of 325 and 3925.
25
What is the highest common factor of 341 and 45911?
31
Calculate the highest common divisor of 1034 and 62727